(-7). Suppose 4*s = 3*h - 7, 4*s + 2 + 4 = 2*h. Suppose -h + 21 = g*f. List the prime factors of f.
5
Suppose 3*m - 4*u - 37 - 33 = 0, 0 = 2*u + 8. What are the prime factors of 58/m - 2/9?
3
Suppose 2 + 3 = -5*n, n + 89 = 4*b. List the prime factors of (-3)/((-6)/(-4)) + b.
2, 5
Suppose 4*x - 252 = -4*n, -4*n - 4*x + 256 = -2*x. List the prime factors of n.
5, 13
Let s = 12 + 11. List the prime factors of s.
23
Suppose 0 = -2*l + 2, -10 = u - 2*u - 2*l. Let m = -6 + u. What are the prime factors of m?
2
List the prime factors of 2/(2/33) - 1.
2
Suppose -4*n + 13 = -3. Suppose -2*f + n*f - t - 41 = 0, -59 = -3*f + 4*t. What are the prime factors of f?
3, 7
Suppose -18*z + 13*z = -315. List the prime factors of z.
3, 7
Let u(p) = p**2 + 3*p - 4. Let f be u(-5). Let r(c) = c + 8. List the prime factors of r(f).
2, 7
Let f(m) = -11*m + 13. What are the prime factors of f(-5)?
2, 17
Suppose k - 36 + 12 = 0. What are the prime factors of 0 + -3 + k/2?
3
Suppose 0 = 5*u + a + 9, 6*u - 2*u + 3*a = -5. Let p(g) = -8*g - 2. Let c be p(u). Let t = c - -1. List the prime factors of t.
3, 5
Let y = 15 - -24. List the prime factors of y.
3, 13
Suppose 18 = 4*a + 10. Suppose -b - 10 = -4*d + 19, 16 = 2*d - a*b. What are the prime factors of d?
7
Suppose 38 + 106 = 2*o. List the prime factors of o.
2, 3
Let p = 7 + -5. Suppose p*y = -5*t + 82, y - 80 = -4*t + 3*y. What are the prime factors of t?
2, 3
Suppose 0 = -5*a + 532 - 107. Suppose -a = -6*v + v. What are the prime factors of v?
17
Suppose 0 = p - 14 - 30. Let y = p + -31. List the prime factors of y.
13
Let m = -120 + 213. What are the prime factors of m?
3, 31
Let u(t) = 5*t - 2. List the prime factors of u(7).
3, 11
Let q = 7 + -4. Suppose 4*o = -w - q + 7, -24 = 5*w - 2*o. Let m = 9 + w. List the prime factors of m.
5
Let j = 14 - 16. What are the prime factors of (-2)/4*76/j?
19
Suppose 14*p - 18*p = -280. What are the prime factors of p?
2, 5, 7
Let y(v) = 3*v**3 + v**2 + 3*v - 3. What are the prime factors of y(2)?
31
Let n(m) be the third derivative of m**5/30 - 7*m**4/24 + 3*m**2. Let j be n(6). Suppose -d + 3*s + j = 2*d, -2*d + 8 = 4*s. What are the prime factors of d?
2
Let a = -9 - -13. Suppose -3*x - 41 = -4*t, -2*t - t - x = -21. Suppose -2*c - a*f = 2*c, -5*c - f = -t. What are the prime factors of c?
2
Let c = 70 - 3. List the prime factors of c.
67
Let g be 1 + (-2)/(-4)*-2. Let s(m) be the second derivative of -m**4/12 + m**3/6 + 5*m**2/2 - m. List the prime factors of s(g).
5
Suppose 2*a + 4*y - 288 = 0, 2*a + 2*a - 540 = 4*y. What are the prime factors of a?
2, 3, 23
Suppose 5*f = 78 + 197. List the prime factors of f.
5, 11
Let v(s) = -s**3 - 3*s**2 + s - 2. Let b be v(-3). List the prime factors of (b/(-2))/((-5)/(-50)).
5
Let r be 42 + (4 - 3 - 0). Let f be (-5)/4*-4*1. Suppose 2 + r = f*m. What are the prime factors of m?
3
Let q = 1 + 3. Suppose 0 = -d + 2*u + 5, 2*d - u - q = -0*u. Suppose -3*w = -17 - d. List the prime factors of w.
2, 3
Let p be 1 + 2*-1 + 5. Suppose 0 = -3*x - x + p. Suppose d - x = 3. What are the prime factors of d?
2
Let x = 3 + -11. What are the prime factors of x/(-10)*35/14?
2
What are the prime factors of ((-4)/14 - (-919)/7) + 3?
2, 67
Let w(s) = -s**3 - 3*s**2 + 3*s - 6. List the prime factors of w(-5).
29
Suppose x + 12 = -3*x, -d + 3*x + 38 = 0. Suppose 5*s + 0*i + 77 = -4*i, 0 = s + 3*i + 11. Let q = d + s. List the prime factors of q.
2, 3
Let g(t) = 5*t - 12. Suppose h + c = 7, 3*c + 27 = 5*h - 0*c. What are the prime factors of g(h)?
2, 3
Suppose -15*n = -16*n + 420. What are the prime factors of n?
2, 3, 5, 7
Let u(g) = -g**3 + 7*g**2 + 3*g - 6. Let y be u(7). What are the prime factors of y*-2*(-1)/2?
3, 5
Let v(m) = -4*m + 5. List the prime factors of v(-3).
17
List the prime factors of ((-238)/1)/(-2) + -3.
2, 29
Let v(k) = k**2 + 18*k + 18. What are the prime factors of v(-19)?
37
Suppose -4*f + 16 = 3*r + r, 2*r = -4*f. Let o = -10 + r. Let u = o + 8. What are the prime factors of u?
2, 3
Let m be ((-3)/6)/((-2)/12). Suppose 2*y - 56 = -m*p, -2*y + 90 = 2*y - 5*p. What are the prime factors of y?
5
Let x be -28*-2*(-2)/(-2). Suppose x = 2*p + 2*p. Suppose g - 2*g + 5*w = 2, 0 = 4*g + 2*w - p. What are the prime factors of g?
3
Let i = -8 + 6. What are the prime factors of (-9)/i - 1/(-2)?
5
Suppose 2*u + 2*r = 214, -2*u + 3*u + 3*r = 117. List the prime factors of u.
2, 3, 17
Let z(d) = 3*d**2 - 4*d - 3. What are the prime factors of z(-3)?
2, 3
What are the prime factors of 2/9 - 68/(-18)?
2
Suppose 4*d - 168 = 4*c, -3*c + 217 = 5*d - c. What are the prime factors of d?
43
Suppose 2*i = -3 + 207. List the prime factors of ((-5)/(-5))/(2/i).
3, 17
Let p = 18 + -13. What are the prime factors of (7 - p)/(4/18)?
3
Let m(n) = 5*n - 4. Let a be m(3). Let o = 6 + a. Suppose -3*q = -7 - o. What are the prime factors of q?
2
Let h = 84 + -1. List the prime factors of h.
83
Suppose 3*h + o = 56, 2 = -3*o + 8. Let x = 9 + h. List the prime factors of x.
3
Suppose -35 = -4*p + 13. What are the prime factors of p/15*(-15)/(-2)?
2, 3
Let s(n) be the third derivative of 3*n**4/8 + n**3/6 - n**2. Let v = 4 - 3. List the prime factors of s(v).
2, 5
Suppose -23 = -3*q + 31. Let f = 26 - q. List the prime factors of f.
2
Let c be -2 - (2 - 2 - 6). Let m be (0*(-2)/c)/2. Suppose 0*h - 5*h + 55 = m. List the prime factors of h.
11
Let x = 1 + 2. Suppose -5*m + 2*g + 47 = 0, m + 4*g - 24 - x = 0. What are the prime factors of m?
11
What are the prime factors of (-118)/(-4) + 3/(-6)?
29
Let g(b) = -b**3 + 16*b**2 - 6*b + 10. What are the prime factors of g(4)?
2, 89
Let w(j) = -j**2 - 10*j + 14. List the prime factors of w(-10).
2, 7
Let o be (-7)/(-9) - (-6)/27. Let y(r) = 61*r**3 + 2*r - 1. List the prime factors of y(o).
2, 31
Let b = 0 + -8. Let u = b + 17. List the prime factors of u.
3
Suppose 5*z + 0*z + 50 = 0. List the prime factors of (-54)/(-30) - 2/z.
2
List the prime factors of 2/4*-2*(12 - 64).
2, 13
Let x(i) = i**3 - i**2 - i + 15. Let j be x(0). Let p = j - 1. Let f = 20 - p. What are the prime factors of f?
2, 3
Let l be 0/7*(-1)/(-2). Suppose l = 4*w + 4*n - 16 - 8, 0 = -4*n - 4. List the prime factors of w.
7
Suppose -4*x + 239 + 193 = 0. List the prime factors of x.
2, 3
Let d = -3 + 2. Let s be (0 + d)*(-2 + 2). Suppose s = 5*k - h - 47, -3*k + 2*k + 22 = 4*h. What are the prime factors of k?
2, 5
Suppose -5*c = d + 11, -5*d + 0*c + 75 = -c. List the prime factors of d.
2, 7
Let k(n) = n**3 - 2*n**2 + 6*n + 5. Let a(m) = -m**3 - m**2 - m. Let x(w) = 2*a(w) + k(w). List the prime factors of x(-5).
2, 5
Suppose a - 4*v = -16, -v = 2*a + 2*v + 54. Let w = 36 + a. Suppose -r = -1 - w. List the prime factors of r.
13
Let h(l) = 187*l - 10. What are the prime factors of h(2)?
2, 7, 13
Let u(t) = t - 3. Let d be u(5). List the prime factors of 2/(3*d/39).
13
List the prime factors of (-12)/28 - 423/(-7).
2, 3, 5
Suppose 2*z - 5*d - 56 = 0, -z + 2*d - 42 = -3*z. What are the prime factors of z?
23
Let o(q) = 3*q + 6. Let l be o(8). Suppose -2*b - 2*c = -5*b + 44, -2*b + 2*c = -l. Let h = b + -10. What are the prime factors of h?
2
Let s be (-1)/(-2*(-3)/18). Let q = s + 13. What are the prime factors of ((-12)/q)/((-6)/45)?
3
Suppose 0 = 3*z - 5*n - 36, 2*n + 41 = 2*z + 3*z. Suppose 0 = 4*t + z + 25. Let s = -3 - t. What are the prime factors of s?
5
Suppose 3*s - 3*q + 6*q = 42, 2*s = -3*q + 31. Suppose 2*v = s + 13. What are the prime factors of v?
2, 3
List the prime factors of (-4 + (-17)/(-5))*(-375)/3.
3, 5
Suppose 23 = -3*r - 4*z, 5*z + 13 + 8 = 4*r. Let v be (-12)/(-2 - r) + -2. What are the prime factors of ((-6)/5)/((-4)/v)?
3
Let k be 2/(-7) + (-99)/21. Let q = k + 0. Let c = 11 + q. What are the prime factors of c?
2, 3
Suppose -4*b - 16 = -2*k + 16, -3*k = -3*b - 24. List the prime factors of 78/b*80/(-15).
2, 13
Let f = 485 - 183. What are the prime factors of f?
2, 151
Let d(w) = w**2 + 1 - 8*w + 2 + 2. Let g be d(8). Suppose 7*t - 2*t - g*o - 25 = 0, 0 = 2*t - 5*o - 7. What are the prime factors of t?
2, 3
Let v(y) be the third derivative of -y**5/60 + y**4/6 - y**3/2 - y**2. Let h be v(4). Let z(b) = b**2 - 2*b - 3. What are the prime factors of z(h)?
2, 3
Suppose 2*o - 5*b - 150 = 260, 1054 = 5*o + 2*b. Suppose 12*r - 7